{"id":1909,"date":"2016-09-28T13:38:10","date_gmt":"2016-09-28T13:38:10","guid":{"rendered":"http:\/\/sanfernando.cs.us.es\/?page_id=1909"},"modified":"2021-05-20T07:24:28","modified_gmt":"2021-05-20T07:24:28","slug":"presentacion","status":"publish","type":"page","link":"https:\/\/masterds.es\/?page_id=1909","title":{"rendered":"Presentaci\u00f3n"},"content":{"rendered":"<p>La principal raz\u00f3n por la que la Ciencia de Datos (Data Science, DS)\u00a0 se ha convertido un \u00e1rea profesional imprescindible dentro de cualquier empresa, instituci\u00f3n u organizaci\u00f3n de entidad estriba en el inter\u00e9s -en muchos casos la necesidad- en aprovechar los datos disponibles o accesibles de la organizaci\u00f3n. La explotaci\u00f3n de esos datos se convierte en imprescindible para extraer conocimiento accionable, es decir, que sea \u00fatil para analizar, diagnosticar, predecir, etc. en campos de inter\u00e9s cient\u00edfico, econ\u00f3mico, de salud y pr\u00e1cticamente en cualquier campo socio-econ\u00f3mico. A esta raz\u00f3n se le une la provisi\u00f3n de potentes tecnolog\u00edas para el procesamiento de datos.<\/p>\n<p>El perfil profesional de DS es particular. En el equipo de an\u00e1lisis de datos de una organizaci\u00f3n deben convivir inform\u00e1ticos que mantengan y administren las bases de datos con cient\u00edficos que apliquen y adapten algoritmos de aprendizaje autom\u00e1tico al entorno concreto objeto de estudio para aplicarlos con \u00e9xito a los datos disponibles. Es este perfil cient\u00edfico al que apunta el M\u00e1ster en Data Science y Big Data ofertado en el Centro de Formaci\u00f3n Permanente: la actualizaci\u00f3n de conocimientos de profesionales que trabajan con datos y la especializaci\u00f3n t\u00e9cnica en DS para profesionales de la Estad\u00edstica, Matem\u00e1ticas o Computaci\u00f3n.<\/p>\n<p>Estructurado en un curso acad\u00e9mico, comienza con dos m\u00f3dulos de nivelaci\u00f3n de conocimientos en programaci\u00f3n, aprendizaje autom\u00e1tico y principios estad\u00edsticos. A continuaci\u00f3n se compaginan m\u00f3dulos orientados a todas las facetas fundamentales de la actividad de un cient\u00edfico de datos como el manejo de las bases de datos e incidiendo en la Inteligencia Artificial y la Estad\u00edstica aplicada a los datos desde diversas aproximaciones (metaheur\u00edsticas, modelos espacio-temporales, etc.). El m\u00f3dulo de Procesamiento del Lenguaje natural y el de Inteligencia Colectiva presentan aplicaciones y modelos computacionales para el tratamiento de la informaci\u00f3n generada por humanos. Tambi\u00e9n se centran en cuestiones profesionales del perfil del cient\u00edfico de datos como son la visualizaci\u00f3n de la informaci\u00f3n y de los datos y cuestiones sobre la gesti\u00f3n de los proyectos de an\u00e1lisis de datos.\u00a0 El Trabajo Fin de M\u00e1ster se centrar\u00e1 en la resoluci\u00f3n de problemas reales de datos utilizando las t\u00e9cnicas trabajadas durante el curso. En estos momentos se est\u00e1n ultimando convenios de colaboraci\u00f3n con empresas interesadas en el perfil de los egresados para apoyar las actividades del M\u00e1ster as\u00ed como para formar a sus empleados.<\/p>\n<p>Las actividades docentes se realizan en laboratorios del Centro de Recursos para el Aprendizaje y la Investigaci\u00f3n Antonio Ulloa de la US. El claustro lo conforman profesores de los departamentos de Estad\u00edstica e Investigaci\u00f3n Operativa y el de CC Computaci\u00f3n e IA de la US, junto con profesionales de datos de empresas, especialistas de reconocido prestigio en algunos aspectos de DS y profesores de otras universidades.<\/p>\n\n<div class=\"twitter-share\"><a href=\"https:\/\/twitter.com\/intent\/tweet?via=MScDataScience\" class=\"twitter-share-button\">Twittear<\/a><\/div>\n","protected":false},"excerpt":{"rendered":"<p>La principal raz\u00f3n por la que la Ciencia de Datos (Data Science, DS)\u00a0 se ha convertido un \u00e1rea profesional imprescindible dentro de cualquier empresa, instituci\u00f3n u organizaci\u00f3n de entidad estriba en el inter\u00e9s -en muchos casos la necesidad- en aprovechar los datos disponibles o accesibles de la organizaci\u00f3n. La explotaci\u00f3n de esos datos se convierte<\/p>\n<div><a class=\"btn-filled btn\" href=\"https:\/\/masterds.es\/?page_id=1909\" title=\"Presentaci\u00f3n\">Leer m\u00e1s<\/a><\/div>\n","protected":false},"author":1,"featured_media":0,"parent":1840,"menu_order":0,"comment_status":"closed","ping_status":"closed","template":"","meta":{"footnotes":""},"yoast_head":"<!-- This site is optimized with the Yoast SEO plugin v21.7 - https:\/\/yoast.com\/wordpress\/plugins\/seo\/ -->\n<title>Presentaci\u00f3n - Master propio U. Sevilla<\/title>\n<meta name=\"robots\" content=\"index, follow, max-snippet:-1, max-image-preview:large, max-video-preview:-1\" \/>\n<link rel=\"canonical\" href=\"https:\/\/masterds.es\/?page_id=1909\" \/>\n<meta property=\"og:locale\" content=\"es_ES\" \/>\n<meta property=\"og:type\" content=\"article\" \/>\n<meta property=\"og:title\" content=\"Presentaci\u00f3n - Master propio U. Sevilla\" \/>\n<meta property=\"og:description\" content=\"La principal raz\u00f3n por la que la Ciencia de Datos (Data Science, DS)\u00a0 se ha convertido un \u00e1rea profesional imprescindible dentro de cualquier empresa, instituci\u00f3n u organizaci\u00f3n de entidad estriba en el inter\u00e9s -en muchos casos la necesidad- en aprovechar los datos disponibles o accesibles de la organizaci\u00f3n. La explotaci\u00f3n de esos datos se convierteLeer m\u00e1s\" \/>\n<meta property=\"og:url\" content=\"https:\/\/masterds.es\/?page_id=1909\" \/>\n<meta property=\"og:site_name\" content=\"Master propio U. Sevilla\" \/>\n<meta property=\"article:modified_time\" content=\"2021-05-20T07:24:28+00:00\" \/>\n<meta name=\"twitter:card\" content=\"summary_large_image\" \/>\n<meta name=\"twitter:label1\" content=\"Tiempo de lectura\" \/>\n\t<meta name=\"twitter:data1\" content=\"3 minutos\" \/>\n<script type=\"application\/ld+json\" class=\"yoast-schema-graph\">{\"@context\":\"https:\/\/schema.org\",\"@graph\":[{\"@type\":\"WebPage\",\"@id\":\"https:\/\/masterds.es\/?page_id=1909\",\"url\":\"https:\/\/masterds.es\/?page_id=1909\",\"name\":\"Presentaci\u00f3n - Master propio U. Sevilla\",\"isPartOf\":{\"@id\":\"https:\/\/masterds.es\/#website\"},\"datePublished\":\"2016-09-28T13:38:10+00:00\",\"dateModified\":\"2021-05-20T07:24:28+00:00\",\"breadcrumb\":{\"@id\":\"https:\/\/masterds.es\/?page_id=1909#breadcrumb\"},\"inLanguage\":\"es\",\"potentialAction\":[{\"@type\":\"ReadAction\",\"target\":[\"https:\/\/masterds.es\/?page_id=1909\"]}]},{\"@type\":\"BreadcrumbList\",\"@id\":\"https:\/\/masterds.es\/?page_id=1909#breadcrumb\",\"itemListElement\":[{\"@type\":\"ListItem\",\"position\":1,\"name\":\"Portada\",\"item\":\"https:\/\/masterds.es\/\"},{\"@type\":\"ListItem\",\"position\":2,\"name\":\"Informaci\u00f3n general\",\"item\":\"https:\/\/masterds.es\/?page_id=1840\"},{\"@type\":\"ListItem\",\"position\":3,\"name\":\"Presentaci\u00f3n\"}]},{\"@type\":\"WebSite\",\"@id\":\"https:\/\/masterds.es\/#website\",\"url\":\"https:\/\/masterds.es\/\",\"name\":\"Master propio U. Sevilla\",\"description\":\"Master en Data Science\",\"potentialAction\":[{\"@type\":\"SearchAction\",\"target\":{\"@type\":\"EntryPoint\",\"urlTemplate\":\"https:\/\/masterds.es\/?s={search_term_string}\"},\"query-input\":\"required name=search_term_string\"}],\"inLanguage\":\"es\"}]}<\/script>\n<!-- \/ Yoast SEO plugin. -->","yoast_head_json":{"title":"Presentaci\u00f3n - Master propio U. Sevilla","robots":{"index":"index","follow":"follow","max-snippet":"max-snippet:-1","max-image-preview":"max-image-preview:large","max-video-preview":"max-video-preview:-1"},"canonical":"https:\/\/masterds.es\/?page_id=1909","og_locale":"es_ES","og_type":"article","og_title":"Presentaci\u00f3n - Master propio U. Sevilla","og_description":"La principal raz\u00f3n por la que la Ciencia de Datos (Data Science, DS)\u00a0 se ha convertido un \u00e1rea profesional imprescindible dentro de cualquier empresa, instituci\u00f3n u organizaci\u00f3n de entidad estriba en el inter\u00e9s -en muchos casos la necesidad- en aprovechar los datos disponibles o accesibles de la organizaci\u00f3n. La explotaci\u00f3n de esos datos se convierteLeer m\u00e1s","og_url":"https:\/\/masterds.es\/?page_id=1909","og_site_name":"Master propio U. Sevilla","article_modified_time":"2021-05-20T07:24:28+00:00","twitter_card":"summary_large_image","twitter_misc":{"Tiempo de lectura":"3 minutos"},"schema":{"@context":"https:\/\/schema.org","@graph":[{"@type":"WebPage","@id":"https:\/\/masterds.es\/?page_id=1909","url":"https:\/\/masterds.es\/?page_id=1909","name":"Presentaci\u00f3n - Master propio U. Sevilla","isPartOf":{"@id":"https:\/\/masterds.es\/#website"},"datePublished":"2016-09-28T13:38:10+00:00","dateModified":"2021-05-20T07:24:28+00:00","breadcrumb":{"@id":"https:\/\/masterds.es\/?page_id=1909#breadcrumb"},"inLanguage":"es","potentialAction":[{"@type":"ReadAction","target":["https:\/\/masterds.es\/?page_id=1909"]}]},{"@type":"BreadcrumbList","@id":"https:\/\/masterds.es\/?page_id=1909#breadcrumb","itemListElement":[{"@type":"ListItem","position":1,"name":"Portada","item":"https:\/\/masterds.es\/"},{"@type":"ListItem","position":2,"name":"Informaci\u00f3n general","item":"https:\/\/masterds.es\/?page_id=1840"},{"@type":"ListItem","position":3,"name":"Presentaci\u00f3n"}]},{"@type":"WebSite","@id":"https:\/\/masterds.es\/#website","url":"https:\/\/masterds.es\/","name":"Master propio U. Sevilla","description":"Master en Data Science","potentialAction":[{"@type":"SearchAction","target":{"@type":"EntryPoint","urlTemplate":"https:\/\/masterds.es\/?s={search_term_string}"},"query-input":"required name=search_term_string"}],"inLanguage":"es"}]}},"jetpack_sharing_enabled":true,"_links":{"self":[{"href":"https:\/\/masterds.es\/index.php?rest_route=\/wp\/v2\/pages\/1909"}],"collection":[{"href":"https:\/\/masterds.es\/index.php?rest_route=\/wp\/v2\/pages"}],"about":[{"href":"https:\/\/masterds.es\/index.php?rest_route=\/wp\/v2\/types\/page"}],"author":[{"embeddable":true,"href":"https:\/\/masterds.es\/index.php?rest_route=\/wp\/v2\/users\/1"}],"replies":[{"embeddable":true,"href":"https:\/\/masterds.es\/index.php?rest_route=%2Fwp%2Fv2%2Fcomments&post=1909"}],"version-history":[{"count":1,"href":"https:\/\/masterds.es\/index.php?rest_route=\/wp\/v2\/pages\/1909\/revisions"}],"predecessor-version":[{"id":1910,"href":"https:\/\/masterds.es\/index.php?rest_route=\/wp\/v2\/pages\/1909\/revisions\/1910"}],"up":[{"embeddable":true,"href":"https:\/\/masterds.es\/index.php?rest_route=\/wp\/v2\/pages\/1840"}],"wp:attachment":[{"href":"https:\/\/masterds.es\/index.php?rest_route=%2Fwp%2Fv2%2Fmedia&parent=1909"}],"curies":[{"name":"wp","href":"https:\/\/api.w.org\/{rel}","templated":true}]}}