{"id":1971,"date":"2016-10-03T12:43:35","date_gmt":"2016-10-03T12:43:35","guid":{"rendered":"http:\/\/sanfernando.cs.us.es\/?page_id=1971"},"modified":"2017-10-02T11:16:25","modified_gmt":"2017-10-02T11:16:25","slug":"procesamiento-del-lenguaje-natural-la-ciencia-del-dato-i-plncd-i","status":"publish","type":"page","link":"https:\/\/masterds.es\/?page_id=1971","title":{"rendered":"Procesamiento del Lenguaje Natural para la Ciencia del Dato I (PLNCD I)"},"content":{"rendered":"<h4>Informaci\u00f3n general<\/h4>\n<hr \/>\n<ul>\n<li><span style=\"text-decoration: underline;\">Horario:<\/span> Mi\u00e9rcoles, jueves y viernes en horario de 16:30 a 20:30.<\/li>\n<li><span style=\"text-decoration: underline;\">Cr\u00e9ditos:<\/span> 2,00 ECTS<\/li>\n<\/ul>\n<h4>Contenido<\/h4>\n<hr \/>\n<ul>\n<li>M\u00f3dulo I: Fundamentos del Procesamiento del Lenguaje Natural\n<ul>\n<li>Introducci\u00f3n: de la Ling\u00fc\u00edstica Computacional a la Ingenier\u00eda del Lenguaje Natural<\/li>\n<li>Niveles y t\u00e9cnicas para el estudio y tratamiento autom\u00e1tico de los lenguajes naturales<\/li>\n<li>Nociones y t\u00e9cnicas b\u00e1sicas: Expresiones regulares, Aut\u00f3matas y Gram\u00e1ticas<\/li>\n<li>Recursos ling\u00fc\u00edstico<\/li>\n<\/ul>\n<\/li>\n<li>M\u00f3dulo II: Lenguaje natural, datos y conocimiento\n<ul>\n<li>Reconocimiento autom\u00e1tico de la voz: Redes neuronales y otras tecnolog\u00edas aplicadas al nivel ac\u00fastico. An\u00e1lisis del entrenamiento, adaptaci\u00f3n y evaluaci\u00f3n.<\/li>\n<li>An\u00e1lisis l\u00e9xico-morfol\u00f3gico: corpus ling\u00fc\u00edsticos y t\u00e9cnicas relacionadas con la ciencia del dato. Correcci\u00f3n ortogr\u00e1fica, lematizaci\u00f3n, tokenizaci\u00f3n.<\/li>\n<li>An\u00e1lisis gramatical: sintaxis y sem\u00e1ntica. Modelos basados en conocimiento y modelos estad\u00edsticos.<\/li>\n<li>Gesti\u00f3n del di\u00e1logo: Aut\u00f3matas. Sistemas basados en agentes. El enfoque basado en el estado de informaci\u00f3n. Las t\u00e9cnicas POMDP (procesos de decisi\u00f3n de Markov parcialmente observables) como soporte al aprendizaje autom\u00e1tico en gesti\u00f3n del di\u00e1logo.<\/li>\n<li>Traducci\u00f3n autom\u00e1tica: T\u00e9cnicas y enfoques. Paradigmas basados en reglas, basados en corpus y enfoques h\u00edbridos.<\/li>\n<li>Aplicaciones comerciales e industriales: Speech Analytics, Content Analytics, Text Mining, Information Retrieval and Extraction, Question Answering, Sentiment Analysis, Entity Names Recognition, etc.<\/li>\n<\/ul>\n<\/li>\n<\/ul>\n<h4>Profesorado<\/h4>\n<hr \/>\n<ul>\n<li>Jos\u00e9 Francisco Quesada Moreno<\/li>\n<\/ul>\n\n<div class=\"twitter-share\"><a href=\"https:\/\/twitter.com\/intent\/tweet?via=MScDataScience\" class=\"twitter-share-button\">Twittear<\/a><\/div>\n","protected":false},"excerpt":{"rendered":"<p>Informaci\u00f3n general Horario: Mi\u00e9rcoles, jueves y viernes en horario de 16:30 a 20:30. Cr\u00e9ditos: 2,00 ECTS Contenido M\u00f3dulo I: Fundamentos del Procesamiento del Lenguaje Natural Introducci\u00f3n: de la Ling\u00fc\u00edstica Computacional a la Ingenier\u00eda del Lenguaje Natural Niveles y t\u00e9cnicas para el estudio y tratamiento autom\u00e1tico de los lenguajes naturales Nociones y t\u00e9cnicas b\u00e1sicas: Expresiones regulares,<\/p>\n<div><a class=\"btn-filled btn\" href=\"https:\/\/masterds.es\/?page_id=1971\" title=\"Procesamiento del Lenguaje Natural para la Ciencia del Dato I (PLNCD I)\">Leer m\u00e1s<\/a><\/div>\n","protected":false},"author":1,"featured_media":0,"parent":1933,"menu_order":0,"comment_status":"closed","ping_status":"closed","template":"","meta":{"footnotes":""},"yoast_head":"<!-- This site is optimized with the Yoast SEO plugin v21.7 - https:\/\/yoast.com\/wordpress\/plugins\/seo\/ -->\n<title>Procesamiento del Lenguaje Natural para la Ciencia del Dato I (PLNCD I) - Master propio U. Sevilla<\/title>\n<meta name=\"robots\" content=\"index, follow, max-snippet:-1, max-image-preview:large, max-video-preview:-1\" \/>\n<link rel=\"canonical\" href=\"https:\/\/masterds.es\/?page_id=1971\" \/>\n<meta property=\"og:locale\" content=\"es_ES\" \/>\n<meta property=\"og:type\" content=\"article\" \/>\n<meta property=\"og:title\" content=\"Procesamiento del Lenguaje Natural para la Ciencia del Dato I (PLNCD I) - Master propio U. Sevilla\" \/>\n<meta property=\"og:description\" content=\"Informaci\u00f3n general Horario: Mi\u00e9rcoles, jueves y viernes en horario de 16:30 a 20:30. Cr\u00e9ditos: 2,00 ECTS Contenido M\u00f3dulo I: Fundamentos del Procesamiento del Lenguaje Natural Introducci\u00f3n: de la Ling\u00fc\u00edstica Computacional a la Ingenier\u00eda del Lenguaje Natural Niveles y t\u00e9cnicas para el estudio y tratamiento autom\u00e1tico de los lenguajes naturales Nociones y t\u00e9cnicas b\u00e1sicas: Expresiones regulares,Leer m\u00e1s\" \/>\n<meta property=\"og:url\" content=\"https:\/\/masterds.es\/?page_id=1971\" \/>\n<meta property=\"og:site_name\" content=\"Master propio U. Sevilla\" \/>\n<meta property=\"article:modified_time\" content=\"2017-10-02T11:16:25+00:00\" \/>\n<meta name=\"twitter:card\" content=\"summary_large_image\" \/>\n<meta name=\"twitter:label1\" content=\"Tiempo de lectura\" \/>\n\t<meta name=\"twitter:data1\" content=\"1 minuto\" \/>\n<script type=\"application\/ld+json\" class=\"yoast-schema-graph\">{\"@context\":\"https:\/\/schema.org\",\"@graph\":[{\"@type\":\"WebPage\",\"@id\":\"https:\/\/masterds.es\/?page_id=1971\",\"url\":\"https:\/\/masterds.es\/?page_id=1971\",\"name\":\"Procesamiento del Lenguaje Natural para la Ciencia del Dato I (PLNCD I) - Master propio U. Sevilla\",\"isPartOf\":{\"@id\":\"https:\/\/masterds.es\/#website\"},\"datePublished\":\"2016-10-03T12:43:35+00:00\",\"dateModified\":\"2017-10-02T11:16:25+00:00\",\"breadcrumb\":{\"@id\":\"https:\/\/masterds.es\/?page_id=1971#breadcrumb\"},\"inLanguage\":\"es\",\"potentialAction\":[{\"@type\":\"ReadAction\",\"target\":[\"https:\/\/masterds.es\/?page_id=1971\"]}]},{\"@type\":\"BreadcrumbList\",\"@id\":\"https:\/\/masterds.es\/?page_id=1971#breadcrumb\",\"itemListElement\":[{\"@type\":\"ListItem\",\"position\":1,\"name\":\"Portada\",\"item\":\"https:\/\/masterds.es\/\"},{\"@type\":\"ListItem\",\"position\":2,\"name\":\"Plan de estudios\",\"item\":\"https:\/\/masterds.es\/?page_id=1933\"},{\"@type\":\"ListItem\",\"position\":3,\"name\":\"Procesamiento del Lenguaje Natural para la Ciencia del Dato I (PLNCD I)\"}]},{\"@type\":\"WebSite\",\"@id\":\"https:\/\/masterds.es\/#website\",\"url\":\"https:\/\/masterds.es\/\",\"name\":\"Master propio U. Sevilla\",\"description\":\"Master en Data Science\",\"potentialAction\":[{\"@type\":\"SearchAction\",\"target\":{\"@type\":\"EntryPoint\",\"urlTemplate\":\"https:\/\/masterds.es\/?s={search_term_string}\"},\"query-input\":\"required name=search_term_string\"}],\"inLanguage\":\"es\"}]}<\/script>\n<!-- \/ Yoast SEO plugin. -->","yoast_head_json":{"title":"Procesamiento del Lenguaje Natural para la Ciencia del Dato I (PLNCD I) - Master propio U. Sevilla","robots":{"index":"index","follow":"follow","max-snippet":"max-snippet:-1","max-image-preview":"max-image-preview:large","max-video-preview":"max-video-preview:-1"},"canonical":"https:\/\/masterds.es\/?page_id=1971","og_locale":"es_ES","og_type":"article","og_title":"Procesamiento del Lenguaje Natural para la Ciencia del Dato I (PLNCD I) - Master propio U. Sevilla","og_description":"Informaci\u00f3n general Horario: Mi\u00e9rcoles, jueves y viernes en horario de 16:30 a 20:30. Cr\u00e9ditos: 2,00 ECTS Contenido M\u00f3dulo I: Fundamentos del Procesamiento del Lenguaje Natural Introducci\u00f3n: de la Ling\u00fc\u00edstica Computacional a la Ingenier\u00eda del Lenguaje Natural Niveles y t\u00e9cnicas para el estudio y tratamiento autom\u00e1tico de los lenguajes naturales Nociones y t\u00e9cnicas b\u00e1sicas: Expresiones regulares,Leer m\u00e1s","og_url":"https:\/\/masterds.es\/?page_id=1971","og_site_name":"Master propio U. Sevilla","article_modified_time":"2017-10-02T11:16:25+00:00","twitter_card":"summary_large_image","twitter_misc":{"Tiempo de lectura":"1 minuto"},"schema":{"@context":"https:\/\/schema.org","@graph":[{"@type":"WebPage","@id":"https:\/\/masterds.es\/?page_id=1971","url":"https:\/\/masterds.es\/?page_id=1971","name":"Procesamiento del Lenguaje Natural para la Ciencia del Dato I (PLNCD I) - Master propio U. Sevilla","isPartOf":{"@id":"https:\/\/masterds.es\/#website"},"datePublished":"2016-10-03T12:43:35+00:00","dateModified":"2017-10-02T11:16:25+00:00","breadcrumb":{"@id":"https:\/\/masterds.es\/?page_id=1971#breadcrumb"},"inLanguage":"es","potentialAction":[{"@type":"ReadAction","target":["https:\/\/masterds.es\/?page_id=1971"]}]},{"@type":"BreadcrumbList","@id":"https:\/\/masterds.es\/?page_id=1971#breadcrumb","itemListElement":[{"@type":"ListItem","position":1,"name":"Portada","item":"https:\/\/masterds.es\/"},{"@type":"ListItem","position":2,"name":"Plan de estudios","item":"https:\/\/masterds.es\/?page_id=1933"},{"@type":"ListItem","position":3,"name":"Procesamiento del Lenguaje Natural para la Ciencia del Dato I (PLNCD I)"}]},{"@type":"WebSite","@id":"https:\/\/masterds.es\/#website","url":"https:\/\/masterds.es\/","name":"Master propio U. Sevilla","description":"Master en Data Science","potentialAction":[{"@type":"SearchAction","target":{"@type":"EntryPoint","urlTemplate":"https:\/\/masterds.es\/?s={search_term_string}"},"query-input":"required name=search_term_string"}],"inLanguage":"es"}]}},"jetpack_sharing_enabled":true,"_links":{"self":[{"href":"https:\/\/masterds.es\/index.php?rest_route=\/wp\/v2\/pages\/1971"}],"collection":[{"href":"https:\/\/masterds.es\/index.php?rest_route=\/wp\/v2\/pages"}],"about":[{"href":"https:\/\/masterds.es\/index.php?rest_route=\/wp\/v2\/types\/page"}],"author":[{"embeddable":true,"href":"https:\/\/masterds.es\/index.php?rest_route=\/wp\/v2\/users\/1"}],"replies":[{"embeddable":true,"href":"https:\/\/masterds.es\/index.php?rest_route=%2Fwp%2Fv2%2Fcomments&post=1971"}],"version-history":[{"count":3,"href":"https:\/\/masterds.es\/index.php?rest_route=\/wp\/v2\/pages\/1971\/revisions"}],"predecessor-version":[{"id":2132,"href":"https:\/\/masterds.es\/index.php?rest_route=\/wp\/v2\/pages\/1971\/revisions\/2132"}],"up":[{"embeddable":true,"href":"https:\/\/masterds.es\/index.php?rest_route=\/wp\/v2\/pages\/1933"}],"wp:attachment":[{"href":"https:\/\/masterds.es\/index.php?rest_route=%2Fwp%2Fv2%2Fmedia&parent=1971"}],"curies":[{"name":"wp","href":"https:\/\/api.w.org\/{rel}","templated":true}]}}