{"id":1979,"date":"2016-10-03T12:58:11","date_gmt":"2016-10-03T12:58:11","guid":{"rendered":"http:\/\/sanfernando.cs.us.es\/?page_id=1979"},"modified":"2017-10-02T11:17:23","modified_gmt":"2017-10-02T11:17:23","slug":"trabajo-fin-master-tfm","status":"publish","type":"page","link":"https:\/\/masterds.es\/?page_id=1979","title":{"rendered":"Trabajo Fin de M\u00e1ster (TFM)"},"content":{"rendered":"<h4>Informaci\u00f3n general<\/h4>\n<hr \/>\n<ul>\n<li><span style=\"text-decoration: underline;\">Cr\u00e9ditos:<\/span> 6,00 ECTS<\/li>\n<\/ul>\n<h4>Contenido<\/h4>\n<hr \/>\n<ul>\n<li>Desarrollo del Trabajo fin de M\u00e1ster, orientado a la aplicaci\u00f3n de los conocimientos y competencias adquiridas en los restantes m\u00f3dulos. Los tutores ser\u00e1n tanto acad\u00e9micos como empresariales.<\/li>\n<\/ul>\n<h4>Profesorado<\/h4>\n<hr \/>\n<ul>\n<li>Rafael Blanquero Bravo<\/li>\n<li>Joaqu\u00edn Borrego D\u00edaz<\/li>\n<li>Juan Gal\u00e1n P\u00e1ez<\/li>\n<li>Jos\u00e9 Antonio Guerrero Dur\u00e1n<\/li>\n<li>Pedro Luis Luque Calvo<\/li>\n<li>Juan Luis Moreno Rebollo<\/li>\n<li>Juan Manuel Mu\u00f1oz Pichardo<\/li>\n<li>Gabriel Mu\u00f1oz R\u00edos<\/li>\n<li>Jos\u00e9 Luis Pino Mej\u00edas<\/li>\n<li>Jos\u00e9 L. Ruiz Reina<\/li>\n<\/ul>\n\n<div class=\"twitter-share\"><a href=\"https:\/\/twitter.com\/intent\/tweet?via=MScDataScience\" class=\"twitter-share-button\">Twittear<\/a><\/div>\n","protected":false},"excerpt":{"rendered":"<p>Informaci\u00f3n general Cr\u00e9ditos: 6,00 ECTS Contenido Desarrollo del Trabajo fin de M\u00e1ster, orientado a la aplicaci\u00f3n de los conocimientos y competencias adquiridas en los restantes m\u00f3dulos. Los tutores ser\u00e1n tanto acad\u00e9micos como empresariales. Profesorado Rafael Blanquero Bravo Joaqu\u00edn Borrego D\u00edaz Juan Gal\u00e1n P\u00e1ez Jos\u00e9 Antonio Guerrero Dur\u00e1n Pedro Luis Luque Calvo Juan Luis Moreno Rebollo<\/p>\n<div><a class=\"btn-filled btn\" href=\"https:\/\/masterds.es\/?page_id=1979\" title=\"Trabajo Fin de M\u00e1ster (TFM)\">Leer m\u00e1s<\/a><\/div>\n","protected":false},"author":1,"featured_media":0,"parent":1933,"menu_order":0,"comment_status":"closed","ping_status":"closed","template":"","meta":{"footnotes":""},"yoast_head":"<!-- This site is optimized with the Yoast SEO plugin v21.7 - https:\/\/yoast.com\/wordpress\/plugins\/seo\/ -->\n<title>Trabajo Fin de M\u00e1ster (TFM) - Master propio U. Sevilla<\/title>\n<meta name=\"robots\" content=\"index, follow, max-snippet:-1, max-image-preview:large, max-video-preview:-1\" \/>\n<link rel=\"canonical\" href=\"https:\/\/masterds.es\/?page_id=1979\" \/>\n<meta property=\"og:locale\" content=\"es_ES\" \/>\n<meta property=\"og:type\" content=\"article\" \/>\n<meta property=\"og:title\" content=\"Trabajo Fin de M\u00e1ster (TFM) - Master propio U. Sevilla\" \/>\n<meta property=\"og:description\" content=\"Informaci\u00f3n general Cr\u00e9ditos: 6,00 ECTS Contenido Desarrollo del Trabajo fin de M\u00e1ster, orientado a la aplicaci\u00f3n de los conocimientos y competencias adquiridas en los restantes m\u00f3dulos. Los tutores ser\u00e1n tanto acad\u00e9micos como empresariales. Profesorado Rafael Blanquero Bravo Joaqu\u00edn Borrego D\u00edaz Juan Gal\u00e1n P\u00e1ez Jos\u00e9 Antonio Guerrero Dur\u00e1n Pedro Luis Luque Calvo Juan Luis Moreno RebolloLeer m\u00e1s\" \/>\n<meta property=\"og:url\" content=\"https:\/\/masterds.es\/?page_id=1979\" \/>\n<meta property=\"og:site_name\" content=\"Master propio U. Sevilla\" \/>\n<meta property=\"article:modified_time\" content=\"2017-10-02T11:17:23+00:00\" \/>\n<meta name=\"twitter:card\" content=\"summary_large_image\" \/>\n<script type=\"application\/ld+json\" class=\"yoast-schema-graph\">{\"@context\":\"https:\/\/schema.org\",\"@graph\":[{\"@type\":\"WebPage\",\"@id\":\"https:\/\/masterds.es\/?page_id=1979\",\"url\":\"https:\/\/masterds.es\/?page_id=1979\",\"name\":\"Trabajo Fin de M\u00e1ster (TFM) - Master propio U. Sevilla\",\"isPartOf\":{\"@id\":\"https:\/\/masterds.es\/#website\"},\"datePublished\":\"2016-10-03T12:58:11+00:00\",\"dateModified\":\"2017-10-02T11:17:23+00:00\",\"breadcrumb\":{\"@id\":\"https:\/\/masterds.es\/?page_id=1979#breadcrumb\"},\"inLanguage\":\"es\",\"potentialAction\":[{\"@type\":\"ReadAction\",\"target\":[\"https:\/\/masterds.es\/?page_id=1979\"]}]},{\"@type\":\"BreadcrumbList\",\"@id\":\"https:\/\/masterds.es\/?page_id=1979#breadcrumb\",\"itemListElement\":[{\"@type\":\"ListItem\",\"position\":1,\"name\":\"Portada\",\"item\":\"https:\/\/masterds.es\/\"},{\"@type\":\"ListItem\",\"position\":2,\"name\":\"Plan de estudios\",\"item\":\"https:\/\/masterds.es\/?page_id=1933\"},{\"@type\":\"ListItem\",\"position\":3,\"name\":\"Trabajo Fin de M\u00e1ster (TFM)\"}]},{\"@type\":\"WebSite\",\"@id\":\"https:\/\/masterds.es\/#website\",\"url\":\"https:\/\/masterds.es\/\",\"name\":\"Master propio U. Sevilla\",\"description\":\"Master en Data Science\",\"potentialAction\":[{\"@type\":\"SearchAction\",\"target\":{\"@type\":\"EntryPoint\",\"urlTemplate\":\"https:\/\/masterds.es\/?s={search_term_string}\"},\"query-input\":\"required name=search_term_string\"}],\"inLanguage\":\"es\"}]}<\/script>\n<!-- \/ Yoast SEO plugin. -->","yoast_head_json":{"title":"Trabajo Fin de M\u00e1ster (TFM) - Master propio U. Sevilla","robots":{"index":"index","follow":"follow","max-snippet":"max-snippet:-1","max-image-preview":"max-image-preview:large","max-video-preview":"max-video-preview:-1"},"canonical":"https:\/\/masterds.es\/?page_id=1979","og_locale":"es_ES","og_type":"article","og_title":"Trabajo Fin de M\u00e1ster (TFM) - Master propio U. Sevilla","og_description":"Informaci\u00f3n general Cr\u00e9ditos: 6,00 ECTS Contenido Desarrollo del Trabajo fin de M\u00e1ster, orientado a la aplicaci\u00f3n de los conocimientos y competencias adquiridas en los restantes m\u00f3dulos. Los tutores ser\u00e1n tanto acad\u00e9micos como empresariales. Profesorado Rafael Blanquero Bravo Joaqu\u00edn Borrego D\u00edaz Juan Gal\u00e1n P\u00e1ez Jos\u00e9 Antonio Guerrero Dur\u00e1n Pedro Luis Luque Calvo Juan Luis Moreno RebolloLeer m\u00e1s","og_url":"https:\/\/masterds.es\/?page_id=1979","og_site_name":"Master propio U. Sevilla","article_modified_time":"2017-10-02T11:17:23+00:00","twitter_card":"summary_large_image","schema":{"@context":"https:\/\/schema.org","@graph":[{"@type":"WebPage","@id":"https:\/\/masterds.es\/?page_id=1979","url":"https:\/\/masterds.es\/?page_id=1979","name":"Trabajo Fin de M\u00e1ster (TFM) - Master propio U. Sevilla","isPartOf":{"@id":"https:\/\/masterds.es\/#website"},"datePublished":"2016-10-03T12:58:11+00:00","dateModified":"2017-10-02T11:17:23+00:00","breadcrumb":{"@id":"https:\/\/masterds.es\/?page_id=1979#breadcrumb"},"inLanguage":"es","potentialAction":[{"@type":"ReadAction","target":["https:\/\/masterds.es\/?page_id=1979"]}]},{"@type":"BreadcrumbList","@id":"https:\/\/masterds.es\/?page_id=1979#breadcrumb","itemListElement":[{"@type":"ListItem","position":1,"name":"Portada","item":"https:\/\/masterds.es\/"},{"@type":"ListItem","position":2,"name":"Plan de estudios","item":"https:\/\/masterds.es\/?page_id=1933"},{"@type":"ListItem","position":3,"name":"Trabajo Fin de M\u00e1ster (TFM)"}]},{"@type":"WebSite","@id":"https:\/\/masterds.es\/#website","url":"https:\/\/masterds.es\/","name":"Master propio U. Sevilla","description":"Master en Data Science","potentialAction":[{"@type":"SearchAction","target":{"@type":"EntryPoint","urlTemplate":"https:\/\/masterds.es\/?s={search_term_string}"},"query-input":"required name=search_term_string"}],"inLanguage":"es"}]}},"jetpack_sharing_enabled":true,"_links":{"self":[{"href":"https:\/\/masterds.es\/index.php?rest_route=\/wp\/v2\/pages\/1979"}],"collection":[{"href":"https:\/\/masterds.es\/index.php?rest_route=\/wp\/v2\/pages"}],"about":[{"href":"https:\/\/masterds.es\/index.php?rest_route=\/wp\/v2\/types\/page"}],"author":[{"embeddable":true,"href":"https:\/\/masterds.es\/index.php?rest_route=\/wp\/v2\/users\/1"}],"replies":[{"embeddable":true,"href":"https:\/\/masterds.es\/index.php?rest_route=%2Fwp%2Fv2%2Fcomments&post=1979"}],"version-history":[{"count":2,"href":"https:\/\/masterds.es\/index.php?rest_route=\/wp\/v2\/pages\/1979\/revisions"}],"predecessor-version":[{"id":2135,"href":"https:\/\/masterds.es\/index.php?rest_route=\/wp\/v2\/pages\/1979\/revisions\/2135"}],"up":[{"embeddable":true,"href":"https:\/\/masterds.es\/index.php?rest_route=\/wp\/v2\/pages\/1933"}],"wp:attachment":[{"href":"https:\/\/masterds.es\/index.php?rest_route=%2Fwp%2Fv2%2Fmedia&parent=1979"}],"curies":[{"name":"wp","href":"https:\/\/api.w.org\/{rel}","templated":true}]}}